{"id":152,"date":"2022-03-16T11:38:37","date_gmt":"2022-03-16T11:38:37","guid":{"rendered":"https:\/\/jugendweihe-bfh.de\/?page_id=152"},"modified":"2023-05-28T17:28:38","modified_gmt":"2023-05-28T17:28:38","slug":"der-jugendweihe-hain","status":"publish","type":"page","link":"https:\/\/jugendweihe-bfh.de\/?page_id=152","title":{"rendered":"Der Jugendweihe-Hain"},"content":{"rendered":"\n<p>Im Jahr 2011 entstand die Idee, mit dem Pflanzen eines Baumes eine bleibende Erinnerung an das gro\u00dfe Ereignis Jugendweihe zu setzen. Seitdem pflanzen die Jugendlichen selbst j\u00e4hrlich einen weiteren Baum im Hain zwischen dem Fliederweg und dem Ahornweg in Bad Frankenhausen.<br><\/p>\n\n\n\n<figure class=\"wp-block-image size-large\"><img loading=\"lazy\" decoding=\"async\" width=\"1024\" height=\"747\" src=\"https:\/\/jugendweihe-bfh.de\/wp-content\/uploads\/2022\/03\/JwBFh_Baum18a-1024x747.jpg\" alt=\"\" class=\"wp-image-176\" srcset=\"https:\/\/jugendweihe-bfh.de\/wp-content\/uploads\/2022\/03\/JwBFh_Baum18a-1024x747.jpg 1024w, https:\/\/jugendweihe-bfh.de\/wp-content\/uploads\/2022\/03\/JwBFh_Baum18a-300x219.jpg 300w, https:\/\/jugendweihe-bfh.de\/wp-content\/uploads\/2022\/03\/JwBFh_Baum18a-768x560.jpg 768w, https:\/\/jugendweihe-bfh.de\/wp-content\/uploads\/2022\/03\/JwBFh_Baum18a.jpg 1071w\" sizes=\"auto, (max-width: 1024px) 100vw, 1024px\" \/><figcaption class=\"wp-element-caption\">Jugendweiheteilnehmer pflanzen 2018 ihren Apfelbaum<\/figcaption><\/figure>\n\n\n\n<p>Jeder Baum wird mit einer Plakette versehen, damit alle Teilnehmenden &#8222;ihren&#8220; Baum auch nach langer Zeit wiederfinden. Finanziert werden die B\u00e4ume durch Spenden der Jugendweiheteilnehmenden und ihrer Familien. <\/p>\n\n\n\n<p>Die Auswahl geeigneter B\u00e4ume &#8211; darunter auch einige alte Obstsorten, die nur noch selten in der Region zu finden sind &#8211; erfolgt gemeinsam mit der Stadtverwaltung Bad Frankenhausen.<br><\/p>\n\n\n\n<figure class=\"wp-block-image size-full\"><img loading=\"lazy\" decoding=\"async\" width=\"857\" height=\"640\" src=\"https:\/\/jugendweihe-bfh.de\/wp-content\/uploads\/2022\/03\/2014_3.png\" alt=\"\" class=\"wp-image-179\" srcset=\"https:\/\/jugendweihe-bfh.de\/wp-content\/uploads\/2022\/03\/2014_3.png 857w, https:\/\/jugendweihe-bfh.de\/wp-content\/uploads\/2022\/03\/2014_3-300x224.png 300w, https:\/\/jugendweihe-bfh.de\/wp-content\/uploads\/2022\/03\/2014_3-768x574.png 768w\" sizes=\"auto, (max-width: 857px) 100vw, 857px\" \/><figcaption class=\"wp-element-caption\">Baumpflanzung 2014<\/figcaption><\/figure>\n\n\n\n<p>Bisher wurden gepflanzt:<\/p>\n\n\n\n<p>Hainbuche (2011)<br>Pflaumenbl\u00e4ttriger Wei\u00dfdorn (2012 und 2014)<br>Japanische Zierkirsche (2013 und 2017)<br>Silberlinde (2015)<br>Gellerts Butterbirne (2016)<br>Apfelbaum der Sorte &#8222;Jakob Fischer&#8220; (2018)<br>Rotbl\u00e4ttriger Ahorn (2019)<br>Ahornbl\u00e4ttrige Platane (2020)<br>Apfelbaum (2022,Standort Oldisleben)<br>Holl\u00e4ndische Linde (2023)<br><\/p>\n\n\n\n<figure class=\"wp-block-image size-full is-resized\"><img loading=\"lazy\" decoding=\"async\" src=\"https:\/\/jugendweihe-bfh.de\/wp-content\/uploads\/2021\/08\/Jugendweihe-3.png\" alt=\"\" class=\"wp-image-105\" width=\"640\" height=\"476\" srcset=\"https:\/\/jugendweihe-bfh.de\/wp-content\/uploads\/2021\/08\/Jugendweihe-3.png 855w, https:\/\/jugendweihe-bfh.de\/wp-content\/uploads\/2021\/08\/Jugendweihe-3-300x224.png 300w, https:\/\/jugendweihe-bfh.de\/wp-content\/uploads\/2021\/08\/Jugendweihe-3-768x572.png 768w\" sizes=\"auto, (max-width: 640px) 100vw, 640px\" \/><figcaption class=\"wp-element-caption\">Veronika Volkland bringt 2011 die Plakette am ersten Baum des Haines an.<\/figcaption><\/figure>\n","protected":false},"excerpt":{"rendered":"<p>Im Jahr 2011 entstand die Idee, mit dem Pflanzen eines Baumes eine bleibende Erinnerung an das gro\u00dfe Ereignis Jugendweihe zu setzen. Seitdem pflanzen die Jugendlichen selbst j\u00e4hrlich einen weiteren Baum im Hain zwischen dem Fliederweg und dem Ahornweg in Bad Frankenhausen. Jeder Baum wird mit einer Plakette versehen, damit alle Teilnehmenden &#8222;ihren&#8220; Baum auch nach [&hellip;]<\/p>\n","protected":false},"author":1,"featured_media":177,"parent":0,"menu_order":0,"comment_status":"closed","ping_status":"closed","template":"","meta":{"footnotes":""},"class_list":["post-152","page","type-page","status-publish","has-post-thumbnail","hentry"],"_links":{"self":[{"href":"https:\/\/jugendweihe-bfh.de\/index.php?rest_route=\/wp\/v2\/pages\/152","targetHints":{"allow":["GET"]}}],"collection":[{"href":"https:\/\/jugendweihe-bfh.de\/index.php?rest_route=\/wp\/v2\/pages"}],"about":[{"href":"https:\/\/jugendweihe-bfh.de\/index.php?rest_route=\/wp\/v2\/types\/page"}],"author":[{"embeddable":true,"href":"https:\/\/jugendweihe-bfh.de\/index.php?rest_route=\/wp\/v2\/users\/1"}],"replies":[{"embeddable":true,"href":"https:\/\/jugendweihe-bfh.de\/index.php?rest_route=%2Fwp%2Fv2%2Fcomments&post=152"}],"version-history":[{"count":7,"href":"https:\/\/jugendweihe-bfh.de\/index.php?rest_route=\/wp\/v2\/pages\/152\/revisions"}],"predecessor-version":[{"id":272,"href":"https:\/\/jugendweihe-bfh.de\/index.php?rest_route=\/wp\/v2\/pages\/152\/revisions\/272"}],"wp:featuredmedia":[{"embeddable":true,"href":"https:\/\/jugendweihe-bfh.de\/index.php?rest_route=\/wp\/v2\/media\/177"}],"wp:attachment":[{"href":"https:\/\/jugendweihe-bfh.de\/index.php?rest_route=%2Fwp%2Fv2%2Fmedia&parent=152"}],"curies":[{"name":"wp","href":"https:\/\/api.w.org\/{rel}","templated":true}]}}